ndreds digit of 622?
6
What is the ten thousands digit of 51182?
5
What is the thousands digit of 47972?
7
What is the thousands digit of 49789?
9
What is the tens digit of 51?
5
What is the ten thousands digit of 28675?
2
What is the thousands digit of 1103?
1
What is the units digit of 26239?
9
What is the units digit of 11349?
9
What is the hundreds digit of 38446?
4
What is the hundreds digit of 178?
1
What is the hundreds digit of 32068?
0
What is the hundreds digit of 1773?
7
What is the ten thousands digit of 22788?
2
What is the thousands digit of 88986?
8
What is the tens digit of 101?
0
What is the hundreds digit of 10776?
7
What is the thousands digit of 6627?
6
What is the tens digit of 2841?
4
What is the thousands digit of 1550?
1
What is the hundreds digit of 9411?
4
What is the hundreds digit of 2065?
0
What is the units digit of 43629?
9
What is the tens digit of 12442?
4
What is the tens digit of 768?
6
What is the ten thousands digit of 74106?
7
What is the units digit of 1276?
6
What is the hundreds digit of 30650?
6
What is the hundreds digit of 4120?
1
What is the thousands digit of 1450?
1
What is the units digit of 24805?
5
What is the hundreds digit of 873?
8
What is the thousands digit of 1237?
1
What is the ten thousands digit of 32286?
3
What is the hundreds digit of 1100?
1
What is the units digit of 7673?
3
What is the tens digit of 3857?
5
What is the hundreds digit of 49577?
5
What is the units digit of 620?
0
What is the hundreds digit of 893?
8
What is the tens digit of 5689?
8
What is the thousands digit of 18674?
8
What is the thousands digit of 17441?
7
What is the units digit of 834?
4
What is the units digit of 17316?
6
What is the hundreds digit of 289?
2
What is the tens digit of 32864?
6
What is the thousands digit of 2904?
2
What is the tens digit of 417?
1
What is the units digit of 3296?
6
What is the tens digit of 57769?
6
What is the thousands digit of 9777?
9
What is the units digit of 49744?
4
What is the tens digit of 509?
0
What is the tens digit of 540?
4
What is the hundreds digit of 42795?
7
What is the thousands digit of 89705?
9
What is the units digit of 3828?
8
What is the thousands digit of 66798?
6
What is the tens digit of 1396?
9
What is the hundreds digit of 68622?
6
What is the hundreds digit of 1387?
3
What is the units digit of 21516?
6
What is the units digit of 4889?
9
What is the hundreds digit of 24918?
9
What is the thousands digit of 32394?
2
What is the tens digit of 1112?
1
What is the tens digit of 92091?
9
What is the hundreds digit of 17725?
7
What is the tens digit of 38192?
9
What is the units digit of 552?
2
What is the tens digit of 84865?
6
What is the tens digit of 11021?
2
What is the tens digit of 309?
0
What is the hundreds digit of 9029?
0
What is the tens digit of 21367?
6
What is the hundreds digit of 3567?
5
What is the thousands digit of 5747?
5
What is the hundreds digit of 1960?
9
What is the thousands digit of 1305?
1
What is the tens digit of 655?
5
What is the units digit of 297?
7
What is the thousands digit of 2144?
2
What is the hundreds digit of 2831?
8
What is the thousands digit of 15968?
5
What is the tens digit of 784?
8
What is the units digit of 16414?
4
What is the thousands digit of 11217?
1
What is the units digit of 3750?
0
What is the units digit of 1036?
6
What is the ten thousands digit of 147177?
4
What is the hundreds digit of 462?
4
What is the tens digit of 47780?
8
What is the hundreds digit of 78074?
0
What is the tens digit of 179?
7
What is the hundreds digit of 31328?
3
What is the units digit of 30009?
9
What is the tens digit of 753?
5
What is the hundreds digit of 639?
6
What is the tens digit of 2725?
2
What is the tens digit of 1129?
2
What is the units digit of 1772?
2
What is the units digit of 17148?
8
What is the tens digit of 21821?
2
What is the tens digit of 22122?
2
What is the tens digit of 13527?
2
What is the thousands digit of 153084?
3
What is the hundreds digit of 2554?
5
What is the tens digit of 1933?
3
What is the tens digit of 5197?
9
What is the tens digit of 1502?
0
What is the hundreds digit of 564?
5
What is the tens digit of 14339?
3
What is the hundreds digit of 378?
3
What is the tens digit of 6886?
8
What is the ten thousands digit of 26392?
2
What is the tens digit of 1340?
4
What is the tens digit of 736?
3
What is the hundreds digit of 680?
6
What is the tens digit of 1073?
7
What is the tens digit of 2029?
2
What is the units digit of 2564?
4
What is the ten thousands digit of 15520?
1
What is the thousands digit of 2615?
2
What is the units digit of 58850?
0
What is the tens digit of 3434?
3
What is the units digit of 3375?
5
What is the thousands digit of 15077?
5
What is the units digit of 2553?
3
What is the units digit of 93?
3
What is the thousands digit of 1351?
1
What is the thousands digit of 11766?
1
What is the units digit of 8048?
8
What is the hundreds digit of 8106?
1
What is the thousands digit of 53831?
3
What is the hundreds digit of 7128?
1
What is the tens digit of 208?
0
What is the units digit of 8240?
0
What is the units digit of 22814?
4
What is the thousands digit of 3030?
3
What is the tens digit of 26380?
8
What is the units digit of 3949?
9
What is the hundreds digit of 365?
3
What is the ten thousands digit of 12388?
1
What is the units digit of 2493?
3
What is the units digit of 3037?
7
What is the hundreds digit of 9213?
2
What is the tens digit of 14142?
4
What is the thousands digit of 122614?
2
What is the tens digit of 562?
6
What is the hundreds digit of 8905?
9
What is the tens digit of 3838?
3
What is the tens digit of 48507?
0
What is the thousands digit of 1104?
1
What is the thousands digit of 1203?
1
What is the hundreds digit of 2029?
0
What is the hundreds digit of 82998?
9
What is the units digit of 3011?
1
What is the ten thousands digit of 59411?
5
What is the tens digit of 12764?
6
What is the units digit of 46194?
4
What is the units digit of 309?
9
What is the hundreds digit of 19765?
7
What is the units digit of 941?
1
What is the units digit of 4830?
0
What is the thousands digit of 8956?
8
What is the units digit of 9848?
8
What is the hundreds digit of 12185?
1
What is the units digit of 717?
7
What is the units digit of 1700?
0
What is the tens digit of 47222?
2
What is the tens digit of 74053?
5
What is the tens digit of 16?
1
What is the units digit of 14067?
7
What is the thousands digit of 21604?
1
What is the ten thousands digit of 21291?
2
What is the units digit of 6802?
2
What is the tens digit of 28683?
8
What is the ten thousands digit of 12448?
1
What is the tens digit of 16349?
4
What is the thousands digit of 16375?
6
What is the units digit of 1574?
4
What is the hundreds digit of 1186?
1
What is the hundreds digit of 1287?
2
What is the thousands digit of 36173?
6
What is the units digit of 243?
3
What is the units digit of 6554?
4
What is the thousands digit of 1751?
1
What is the hundreds digit of 1233?
2
What is the tens digit of 4233?
3
What is the hundreds digit of 1466?
4
What is the hundreds digit of 339?
3
What is the tens digit of 2315?
1
What is the hundreds digit of 14426?
4
What is the thousands digit of 6799?
6
What is the hundreds digit of 6386?
3
What is the tens digit of 994?
9
What is the units digit of 5935?
5
What is the tens digit of 1362?
6
What is the units digit of 5590?
0
What is the thousands digit of 3197?
3
What is the units digit of 20?
0
What is the tens digit of 989?
8
What is the hundreds digit of 82244?
2
What is the units digit of 25459?
9
What is the hundreds digit of 3490?
4
What is the thousands digit of 2185?
2
What is the units digit of 32904?
4
What is the tens digit of 741?
4
What is the hundreds digit of 243?
2
What is the units digit of 21190?
0
What is the tens digit of 1584?
8
What is the ten thousands digit of 19589?
1
What is the units digit of 2737?
7
What is the units digit of 893?
3
What is the hundreds digit of 774?
7
What is the hundreds digit of 13984?
9
What is the ten thousands digit of 15709?
1
What is the hundreds digit of 620?
6
What is the thousands digit of 2249?
2
What is the tens digit of 7219?
1
What is the thousands digit of 67589?
7
What is the units dig